= 2*y + 3*y. Suppose -3*r - y = -89. What is the units digit of r?
3
Let a = -6 - -8. Suppose 5*b - 1 - 22 = d, 3*d + 17 = a*b. Let m(s) = -3*s - 2. What is the units digit of m(d)?
7
Let l(h) = 2*h**3 - 13*h**2 - 5*h - 10. Let g be l(11). Suppose -5*r - 6 = -2*r, -5*z + g = 3*r. What is the tens digit of z?
0
Let v be ((-52)/(-10) + -6)/(4/(-50)). Suppose -3*i + 4*f + 603 = 0, -5*i - 9*f + 988 = -v*f. What is the tens digit of i?
9
Let f = -5 + 5. Let v(x) = -2*x - 8. Let n be v(f). Let l(z) = -z**3 - 7*z**2 + 6*z + 5. What is the units digit of l(n)?
1
What is the units digit of -1*(0 - 118) + (-8)/8?
7
Let q = 9 + -4. Suppose -3*y = q*v - 65, -y + 38 = y - 2*v. Suppose 32 = 4*j - y. What is the tens digit of j?
1
Suppose 5*h - 3*h - 4 = 0. Suppose -2*k = -k - h. Suppose 0 = -k*s + 5*t + 21, -4*t = 3*s - 70 - 19. What is the tens digit of s?
2
Let k = 229 - -191. Suppose 0*v = -7*v + k. What is the units digit of v?
0
Suppose 3*j + 4*y = 12027, 74*y = -3*j + 79*y + 12000. What is the tens digit of j?
0
Suppose -3*n = -0*n - 6. Suppose -n*r + 20 = -28. What is the tens digit of r?
2
What is the thousands digit of (-88)/(-22) - (-1162 - 1)?
1
Suppose -2*j + 18 = -4*d, 0*j - d = 5*j - 1. Suppose 19 = z - 4*w, w + j = -2. Suppose 46 = 2*f - h, -z*h - 38 = -2*f - 2*h. What is the tens digit of f?
2
Let q = 351 - 530. What is the tens digit of (18 - q) + (-3 - 1)?
9
Let a(q) = -3*q + 35. Let i be a(0). Let v = 40 + i. What is the units digit of v?
5
Let b be 24/(3 + (-18)/4). Let n = -17 - b. Let r(w) = 31*w**2 + 1. What is the tens digit of r(n)?
3
Let a = 88 - 196. Let d = 175 + a. What is the units digit of d?
7
Suppose 2*h - 2 - 22 = 0. What is the tens digit of 262 - ((-4)/(h/(-15)) - 1)?
5
Let s(c) = -c**2 - 15*c - 10. Let d be s(-14). Suppose -d = -16*t + 14*t. Suppose 0 = -5*g + 5*w - t*w + 254, 270 = 5*g + 5*w. What is the units digit of g?
2
Let a(q) = 131*q - 24. Let p be a(7). Suppose -4*b = 129 - p. What is the tens digit of b?
9
Let f be (26 + -2)/(-1 - (-19)/16). Let g(o) = o**2 - o + 2. Let j be g(2). Suppose j*u + 8 = f. What is the tens digit of u?
3
Let v be (-2)/(6*3/9)*-3. Suppose 0*f - 2*t = 5*f - 1160, -4*t + 682 = v*f. What is the units digit of f?
4
Suppose -3*w = 4*v + 10, -4*w + 0*v + 24 = -4*v. Suppose -5*r + 3*m = -w*m - 980, 5*r = -2*m + 1001. What is the hundreds digit of r?
1
Let a = 45 - 613. Let i = -381 - a. What is the hundreds digit of i?
1
Suppose -j + 3*j - 11 = -q, 3*q - 21 = -3*j. Suppose q*n - 232 = -5*n. What is the tens digit of n?
2
Suppose 0 = -5*n - 25, -s = -4*n - 12. Let a be (3 + (-57)/12)*s. Suppose 71 = 2*k - o, -11 = -k - 3*o + a. What is the units digit of k?
4
Suppose -2*c = y - 6, 0 = 4*y - 4*c + 2 + 10. Suppose -4*f + 10*f - 192 = y. What is the tens digit of f?
3
What is the hundreds digit of 1835*6/15 - 7?
7
Suppose 0*c - 4*c - 22 = -2*h, 2*c + h = -17. Let u = c - -9. Suppose 130 = 5*y + 3*i, 3*y + u*i = i + 78. What is the tens digit of y?
2
What is the hundreds digit of 543/(-1)*((-25)/5)/5?
5
Suppose 2*j + j - 1 = -n, -5*n = 2*j - 5. Suppose 0*z - 3*z + 267 = j. What is the tens digit of z?
8
Let y(o) = o + 19. Let x be y(7). Let q = x - -61. What is the units digit of q?
7
Suppose -4*a - 5*z + 3 = 0, -3*z - z = 4*a. Let s be (a/(-2))/(36/(-816)). Let y = 59 + s. What is the tens digit of y?
2
Let t(w) = w**2 - 10*w + 8. Suppose n + n - 2 = 0. Suppose -11 = 2*s - n, -4*j - 4*s = -28. What is the units digit of t(j)?
2
Suppose 2*d = 2*n + 98, n + 0*n + 101 = 2*d. Let w = -16 + d. What is the tens digit of w?
3
Let h(y) = 76*y. Let i be h(-2). Let b = i - -270. What is the units digit of b?
8
Let i be (-42)/(-15) + 3/15. Suppose 173 = 5*f + h, i*h = 5*f - 0*f - 161. What is the tens digit of f?
3
Suppose 35*r = 23418 + 38392. What is the thousands digit of r?
1
Let i(b) = -b**3 + 25*b**2 - 25*b - 75. What is the units digit of i(23)?
8
Let z(a) = -a**2 + 3 + 3 + 16*a - 5*a. Let o be z(5). What is the units digit of (o/20)/(3/10)?
6
Suppose 5*z - 9491 = -4*d, 2*z = 4*d + 3*z - 9479. What is the hundreds digit of d?
3
Suppose -n - 3 = 0, 2*u - 339 = 74*n - 71*n. What is the tens digit of u?
6
What is the hundreds digit of (-83)/(-747) + (-11987)/(-9)?
3
Let d = -2247 - -4020. What is the hundreds digit of d?
7
Let g = 192 - 737. Let r = g - -807. What is the units digit of r?
2
Let t(n) = 80*n - 50. What is the units digit of t(4)?
0
Let d = 486 + 1291. What is the tens digit of d?
7
Suppose 79 = 3*o + f - 997, f = -4. What is the units digit of o?
0
What is the hundreds digit of 3*(-42)/18*-116?
8
Suppose -4*d + 51 = 95. Let k = 78 - d. What is the tens digit of k?
8
Let g(p) = 2*p - 2 + 15 - 3. Let y be g(-3). Suppose -5*m + 210 = w, -w = -y*m + 2*m + 77. What is the tens digit of m?
4
Let t = -27 - -7. Let v = 103 - t. What is the hundreds digit of v?
1
Let b = 1746 + 1711. What is the hundreds digit of b?
4
Suppose -4*p + 0*p = u - 17, 2*u = -3*p + 9. Suppose 5*g = -p*a + 110, 2*a + g + 2*g = 48. What is the tens digit of 873/a - 1/(-2)?
4
Let g(f) be the first derivative of f**4/4 - f**3 + f**2/2 + 3*f + 4. Let c be g(3). Suppose -2*d - 4 = -c*d. What is the units digit of d?
1
Let n be 2*(7/2 + 0). Let p(q) = -9*q - n*q + 4 + 13*q + 3*q**2. What is the tens digit of p(3)?
2
What is the hundreds digit of 5 - (-13286)/7 - 7?
8
Suppose -468 + 1800 = 4*d. Suppose -3*a + a + d = 3*j, -3*a = 0. What is the units digit of j?
1
Let p = 2 + -6. What is the units digit of (-2)/p - 7/(70/(-685))?
9
Suppose -u - 55 = -6*u. Let f(o) = -o**3 + 12*o**2 - 10*o - 8. Let x be f(u). Suppose w - 34 + 4 = 4*j, x*j = 3*w - 63. What is the units digit of w?
8
Suppose -2 = 6*j - 7*j. What is the units digit of -12*j/(-4)*1?
6
Let y(u) = 102*u**2 - 11*u + 130. What is the thousands digit of y(6)?
3
Let p(t) = 25 - 7*t**2 + 37*t - 16*t - 10. Let v(q) = -3*q**2 + 10*q + 8. Let j(f) = -4*p(f) + 9*v(f). What is the units digit of j(-8)?
8
Let z = 266 + 221. What is the tens digit of z?
8
Let j(z) = -14*z + 15. Let s be j(12). Let p = s - -258. Suppose 5*n - p - 55 = 0. What is the tens digit of n?
3
Suppose -5*u = 13 - 3. Let w(g) = 4*g - 2 - g - 5*g + 3*g**2. What is the units digit of w(u)?
4
Suppose p - 2*d = -3, 5*d - 27 = -p - 3*p. Suppose -5*a = -67 - 123. What is the tens digit of 12/(-18) + a/p?
1
Let g(i) = 319*i + 1151. What is the tens digit of g(9)?
2
Suppose 4*j - 27 = -2*b + 5*b, 0 = -4*j + 5*b + 29. Suppose 19*i - 22*i = -j. What is the units digit of i?
2
Suppose g + 3*l = 226, g - 226 = l + 2*l. Suppose 0 = 5*u - c - 611, -2*u - c + g = -17. What is the tens digit of u?
2
Let r(q) = q**3 - 6*q**2 + 2. Let i = -65 + 97. Suppose -i = -4*f + 2*v, 0 = -2*v - 3 - 5. What is the units digit of r(f)?
2
Let w(x) = -x**3 + 16*x**2 - 9*x - 21. Let r be w(16). Let d = -94 - r. Let a = 100 - d. What is the units digit of a?
9
Let a(n) = n**3 - 8*n**2 - 9*n + 6. Let s be a(9). Suppose -16 = -m + 5. Suppose -s*j - 3*f = -j - 48, 2*j - m = -3*f. What is the units digit of j?
9
Suppose -7*b + 5*b = -44. Let k = b + 40. What is the units digit of k?
2
Suppose 4*l + 3*h = 7185, 2*l - 4*l + 3*h + 3597 = 0. What is the tens digit of l?
9
Let y be 94/18 - 2 - 18/81. Suppose 0 = -y*q - 3, 2*d = -0*d - 5*q + 147. What is the units digit of d?
6
Let s = -6 - -10. What is the tens digit of 2 - (-12)/s*35/3?
3
Let b(t) = -t**2 + 0 - t + 0*t**2 + 3. Let o be b(-3). Let z(j) = 2*j**2 + 4*j + 4. What is the units digit of z(o)?
0
Suppose 0 = -10*w + 5*w - 55. Suppose 10 = -a - k - 4*k, 2*a + 2*k = -20. Let l = a - w. What is the units digit of l?
1
Let f(k) = 12 + k**2 + 4*k - 3*k - 11. Suppose 0 - 6 = 3*x. What is the units digit of f(x)?
3
Let i be -2*(-10)/((-5)/(-1)). Let c(z) = -2*z**3 - 5*z**2 - 7*z - 10. Let q be c(-4). What is the units digit of (-210)/(-45)*q/i?
7
Suppose -g - g = -2. Suppose -r + 4*r = 2*c - g, 2*c = r + 7. Let t = c + 5. What is the tens digit of t?
1
Let y = 78 - 41. Suppose 2*n + 59 = -n - 2*g, -n = -3*g + 38. Let k = n + y. What is the tens digit of k?
1
Let m = -1621 + 2552. What is the tens digit of m?
3
Suppose -4*q - 2*b = -1132, -2*q + 0*b + b + 558 = 0. What is the hundreds digit of q?
2
Let q = -88 - -107. What is the units digit of q?
9
Let q = -800 - -1141. What is the units digi